se 4) to base 14
6745
53530 (base 9) to base 2
1000101001100000
What is -683 (base 9) in base 6?
-2333
-359 (base 12) to base 2
-111110101
Convert -3110 (base 8) to base 6.
-11240
Convert 9ec (base 16) to base 8.
4754
1007 (base 9) to base 12
514
What is 32 (base 15) in base 8?
57
Convert 1010200021 (base 3) to base 8.
53533
131bb (base 13) to base 6
432123
What is -1a083 (base 11) in base 4?
-12312022
-971 (base 10) to base 3
-1022222
-110101111 (base 2) to base 4
-12233
What is 10330 (base 4) in base 16?
13c
What is 1210203 (base 4) in base 2?
1100100100011
-3956 (base 13) to base 3
-102020002
Convert 21110 (base 5) to base 13.
841
-13322 (base 4) to base 10
-506
Convert 47bd (base 15) to base 14.
57b7
-4624 (base 7) to base 10
-1684
20110102 (base 3) to base 4
1021211
-15b8 (base 14) to base 13
-19cc
42452 (base 9) to base 13
ca16
Convert 179a (base 15) to base 13.
241c
What is 5791 (base 12) in base 5?
303012
2120132 (base 4) to base 15
2d58
844 (base 12) to base 10
1204
What is -647 (base 12) in base 14?
-499
What is 210220 (base 5) in base 8?
15427
Convert -221501 (base 6) to base 7.
-105025
-413 (base 8) to base 4
-10023
What is 22975 (base 10) in base 8?
54677
1231 (base 6) to base 12
217
Convert 22200 (base 4) to base 16.
2a0
Convert 3440 (base 6) to base 12.
580
What is -12024 (base 11) in base 12?
-a041
What is 33033 (base 4) in base 7?
2562
What is 10221011 (base 3) in base 2?
101100110010
What is -3644 (base 11) in base 4?
-1022133
-39b (base 13) to base 10
-635
Convert 5275 (base 13) to base 3.
120122221
What is 20140 (base 6) in base 3?
10122020
-11210 (base 3) to base 15
-89
What is 825 (base 14) in base 8?
3101
-10203 (base 6) to base 9
-1783
-192 (base 12) to base 5
-2004
Convert -19416 (base 14) to base 10.
-63916
What is 1586 (base 12) in base 2?
100111110110
What is 28682 (base 9) in base 8?
46072
-10112201 (base 3) to base 16
-a18
Convert -1689 (base 12) to base 15.
-bec
Convert -3233130 (base 4) to base 8.
-35734
Convert 35f (base 16) to base 6.
3555
-122 (base 9) to base 15
-6b
-10001 (base 4) to base 5
-2012
Convert -14413 (base 6) to base 8.
-4411
What is 2314 (base 7) in base 8?
1514
-199 (base 10) to base 5
-1244
What is 3033 (base 4) in base 5?
1312
28b (base 13) to base 12
319
What is 55 (base 12) in base 8?
101
What is 3544 (base 8) in base 16?
764
-5013 (base 6) to base 11
-900
Convert -14014 (base 6) to base 7.
-6220
What is -63524 (base 7) in base 9?
-23472
What is 2204 (base 6) in base 5?
4013
What is -11000000110 (base 2) in base 5?
-22132
-1001000 (base 2) to base 12
-60
288 (base 13) to base 9
550
Convert -112213 (base 4) to base 2.
-10110100111
2a44 (base 13) to base 16
17fc
Convert 3555 (base 8) to base 14.
99b
Convert 77240 (base 8) to base 11.
2239a
d55e (base 15) to base 4
23000201
12918 (base 14) to base 15
d810
What is -4759 (base 10) in base 8?
-11227
What is -6c1 (base 15) in base 2?
-10111111011
What is -2122202120 (base 3) in base 13?
-1aa72
-1a091 (base 13) to base 2
-1100010111011001
What is 522 (base 13) in base 11?
724
-52512 (base 6) to base 10
-7100
13246 (base 8) to base 14
2182
Convert 50047 (base 11) to base 10.
73256
What is -10b0b (base 14) in base 11?
-28544
What is 133 (base 5) in base 2?
101011
Convert 10006 (base 8) to base 16.
1006
Convert -5746 (base 10) to base 6.
-42334
Convert 1303013 (base 4) to base 11.
5598
Convert -1213 (base 6) to base 16.
-129
5408 (base 9) to base 10
3977
-1012100221 (base 3) to base 14
-8856
What is 9680 (base 11) in base 9?
18484
Convert -144041 (base 6) to base 2.
-11011000011001
Convert 63852 (base 9) to base 7.
234113
What is 100100001 (base 2) in base 3?
101201
Convert -11461 (base 7) to base 14.
-1131
Convert -3103 (base 4) to base 14.
-111
What is -34b (base 12) in base 15?
-22b
2a (base 12) to base 11
31
Convert 21132 (base 4) to base 3.
211110
-1224201 (base 5) to base 6
-301340
Convert -400222 (base 5) to base 12.
-732a
What is -2ab51 (base 13) in base 2?
-10011110001111001
Convert -367 (base 10) to base 12.
-267
-10376 (base 8) to base 3
-12222010
1469 (base 14) to base 4
320211
What is -6647 (base 9) in base 4?
-1030213
3408 (base 11) to base 10
4485
-305 (base 8) to base 3
-21022
10111101111101 (base 2) to base 16
2f7d
11332023 (base 4) to base 3
1020112220
1505 (base 7) to base 5
4333
Convert -114333 (base 5) to base 3.
-12221212
Convert -40307 (base 8) to base 11.
-11506
-38043 (base 9) to base 6
-314150
-3421 (base 6) to base 14
-417
Convert -118 (base 14) to base 3.
-22002
What is -12320130 (base 4) in base 3?
-1102200000
-136541 (base 7) to base 4
-12123212
Convert -754 (base 9) to base 3.
-211211
What is 1283 (base 10) in base 15?
5a8
What is 64d5 (base 15) in base 2?
101001101100110
What is 64 (base 12) in base 16?
4c
-1a9a3 (base 11) to base 4
-13013201
Convert -44052 (base 6) to base 4.
-1133000
Convert 508 (base 9) to base 11.
346
-22011 (base 13) to base 4
-33001122
What is 2661 (base 7) in base 12?
713
Convert 2550 (base 7) to base 10.
966
What is -211200200 (base 3) in base 7?
-66141
What is -3410 (base 7) in base 4?
-103100
What is -443340 (base 6) in base 15?
-aeb3
Convert 142 (base 11) to base 15.
b2
Convert 1010100011 (base 2) to base 9.
830
Convert 7db7 (base 16) to base 10.
32183
Convert 2a557 (base 12) to base 13.
2113c
Convert 466 (base 10) to base 3.
122021
-4171 (base 12) to base 9
-10714
What is -7bd (base 15) in base 8?
-3331
Convert 201212 (base 3) to base 8.
1030
What is 1040 (base 13) in base 11?
1765
What is 203132 (base 5) in base 2?
1101000001011
What is -516 (base 8) in base 12?
-23a
301 (base 12) to base 14
22d
Convert -23a6 (base 13) to base 7.
-20454
10011110110010111 (base 2) to base 7
456015
What is -7153 (base 10) in base 12?
-4181
What is -455 (base 9) in base 11?
-310
What is 22365 (base 7) in base 6?
42150
What is 7165 (base 10) in base 14?
287b
What is 81b (base 16) in base 7?
6023
What is cc (base 15) in base 12?
140
Convert 1205534 (base 6) to base 13.
22b8b
-44101 (base 6) to base 16
-17c5
1160 (base 14) to base 11
22aa
112001 (base 3) to base 10
379
What is -33678 (base 9) in base 3?
-1010202122
Convert -6465 (base 11) to base 8.
-20535
What is 14366 (base 8) in base 16?
18f6
Convert -3225 (base 8) to base 4.
-122111
Convert -15324 (base 6) to base 5.
-40000
What is 9206 (base 11) in base 15?
3952
-20231 (base 10) to base 13
-9293
4540 (base 6) to base 13
642
4547 (base 10) to base 16
11c3
2386 (base 12) to base 9
5423
What is -101112002 (base 3) in base 15?
-2415
What is -100000100011110 (base 2) in base 16?
-411e
Convert 102523 (base 6) to base 14.
30c3
11111220 (base 3) to base 12
1aa3
Convert 120010 (base 4) to base 11.
1180
What is -11200012 (base 3) in base 4?
-311033
Convert 2120013 (base 4) to base 12.
5773
Convert c8c4 (base 16) to base 8.
144304
32032232 (base 4) to base 16
e3ae
3c17 (base 16) to base 11
10615
What is 11204 (base 5) in base 4?
30210
-15053 (base 14) to base 4
-30233301
What is -30021 (base 4) in base 5?
-11102
What is -7657 (base 14) in base 13?
-940c
Convert -11121211 (base 3) to base 7.
-12553
Convert 878 (base 9) to base 7.
2045
What is -4724 (base 10) in base 5?
-122344
552 (base 6) to base 16
d4
Convert 1404 (base 13) to base 14.
1097
Convert -825 (base 9) to base 4.
-22133
1010100000101111 (base 2) to base 5
2334210
Convert -1111101010100 (base 2) to base 9.
-12001
Convert 891 (base 10) to base 3.
1020000
Convert -54650 (base 7) to base 10.
-13706
What is 389 (base 13) in base 4?
21230
Convert -12002 (base 4) to base 3.
-112022
What is -2336 (base 9) in base 2?
-11011000110
What is 17743 (base 8) in base 4?
1333203
-7f (base 16) to base 14
-91
-11744 (base 8) to base 2
-1001111100100
What is 1050 (base 6) in base 2?
11110110
20475 (base 8) to base 3
102200011
What is -3a0 (base 11) in base 2?
-111011001
-20230 (base 4) to base 7
-1423
What is 8110 (base 13) in base 12?
a33a
What is e78 (base 16) in base 15?
116e
3da (base 14) to base 6
3340
What is -ad5 (base 15) in base 8?
-4622
What is -1011101110110 (base 2) in base 11?
-4570
What is -8508 (base 9) in base 11?
-4768
Convert 3503 (base 7) to base 8.
2375
What is 1584 (base 16) in base 9?
7500
-17222 (base 9) to base 7
-46352
Convert 36 (base 9) to base 7.
45
Convert -d6c (base 14) to base 7.
-10465
What 